{"id":933,"date":"2022-07-18T15:37:21","date_gmt":"2022-07-18T13:37:21","guid":{"rendered":"https:\/\/ave.projects.delta-core.fr\/?page_id=933"},"modified":"2022-07-31T10:18:18","modified_gmt":"2022-07-31T08:18:18","slug":"mettre-en-place-une-uevp","status":"publish","type":"page","link":"https:\/\/ave-europe.org\/?page_id=933","title":{"rendered":"Set up an UEVP"},"content":{"rendered":"\n<h2 class=\"wp-block-heading\">A QUI S\u2019ADRESSE L\u2019UEVP ?<\/h2>\n\n\n\n<p>THE PROJECT not only targets INGOs and their volunteers, but also all citizens, y compris ceux des nouveaux pays entrant de l\u2019Est, en particulier les adolescents et tous les mouvement associatifs n\u2019ayant pas encore forc\u00e9ment conscience de leur r\u00f4le principal dans la construction de l\u2019Europe, en permettant l\u2019expression de leurs opinions, ainsi que de leurs propositions et apportant les r\u00e9ponses aux questions que leur pose l\u2019identit\u00e9 europ\u00e9enne.<\/p>\n\n\n\n<p><\/p>\n\n\n\n<h2 class=\"wp-block-heading\">LES \u00c9TAPES POUR CONSTRUIRE UNE UEVP<\/h2>\n\n\n\n<h2 class=\"gb-headline gb-headline-4f6b2c4d gb-headline-text\">1.<\/h2>\n\n\n\n<p>Jusqu\u2019alors l\u2019action volontaire en Europe \u00e9tait trait\u00e9e en interne dans les associations ou F\u00e9d\u00e8rations mais n\u2019\u00e9tait pas un sujet d\u2019ordre public. L\u2019AVE en s\u2019appuyant sur l\u2019exemple des fondateurs de l\u2019International Association for Volunteer Effort aux USA, a \u00e9t\u00e9 pionnier en ce domaine en Europe. C\u2019est ainsi qu\u2019en 1979 la Communaut\u00e9 Europ\u00e9enne d\u2019alors, lui a demand\u00e9 de participer \u00e0 l\u2019organisation d\u2019une premi\u00e8re r\u00e9union \u00e0 Bruxelles sur le Volontariat.<\/p>\n\n\n\n<p>La cr\u00e9ation de l\u2019UEV en 1991 \u00e9tait une suite logique pour l\u2019AVE car elle pouvait permettre d\u2019assurer un bon niveau d\u2019information , de formation et de r\u00e9flexion aux volontaires , et de par le travail fourni donner aux d\u00e9cideurs politiques un message fiable sur le r\u00f4le du volontariat dans la soci\u00e9t\u00e9.<\/p>\n\n\n\n<h2 class=\"gb-headline gb-headline-6ee0dabe gb-headline-text\">2.<\/h2>\n\n\n\n<p>Les r\u00e9sultats des travaux de faisabilit\u00e9 de ce \u00ab groupe-test \u00bb du premier temps, permettront d\u2019affiner les conditions d\u2019existence officielle de l\u2019Universit\u00e9 Europ\u00e9enne Permanente du Volontariat. Cette deuxi\u00e8me phase appellera le d\u00e9marchage et la r\u00e9union d\u2019un nombre suffisant de partenaires pour la formulation des conditions de r\u00e9ussite de la mise en place de cette Universit\u00e9.<\/p>\n\n\n\n<p>Le nombre d\u2019adh\u00e9rents et de participants futurs au fonctionnement permanent de cette Universit\u00e9, n\u2019\u00e9tant quant \u00e0 lui plus limit\u00e9 par d\u2019autres frais, que ceux des d\u00e9placements et de r\u00e9sidence, solely responsible (les autres participants restant \u00e0 distance dans leur propres Nations, \u00e9tant cependant interactifs avec l\u2019universit\u00e9 sans mur, par l\u2019utilisation de syst\u00e8mes images vid\u00e9o par Internet \u2013 Web \u2013 TV \u2013 Vid\u00e9o-Conf\u00e9rences, permettant ainsi de toucher \u00e0 tr\u00e8s faible co\u00fbt, thousands of partners). Ce qui tout en limitant tr\u00e8s fortement les frais de l\u2019op\u00e9ration, permettra d\u2019augmenter consid\u00e9rablement le nombre de volontaires participants et \u00ab d\u2019int\u00e9grer \u00bb ainsi le plus possible de pays du Conseil de l\u2019Europe\u2026<\/p>\n\n\n\n<h2 class=\"gb-headline gb-headline-3ecc859f gb-headline-text\">3.<\/h2>\n\n\n\n<p>Enfin dans un troisi\u00e8me temps : l\u2019effet \u00ab boule de neige \u00bb de l\u2019information diffus\u00e9e dans chaque pays par les partenaires : \u00ab volontaires et animateurs associatifs \u00bb, \u00e0 l\u2019aide de ce syst\u00e8me vid\u00e9o, aura un effet multiplicateur de premi\u00e8re importance, because not limiting (~ 30 \u00e0 50 000 personnes\/an au minimum pourraient ainsi participer \u00e0 l\u2019UEV). Le Budget n\u00e9cessaire, indiqu\u00e9 plus avant recouvre les diverses \u00e9tapes d\u00e9crites ci-dessus, y compris pour l\u2019essai de p\u00e9rennisation de l\u2019UEV permanente.<\/p>\n","protected":false},"excerpt":{"rendered":"<p>A QUI S\u2019ADRESSE L\u2019UEVP ? THE PROJECT not only targets INGOs and their volunteers, but also all citizens, y compris ceux des nouveaux pays entrant de l\u2019Est, en particulier les adolescents et tous les mouvement associatifs n\u2019ayant pas encore forc\u00e9ment conscience de leur r\u00f4le principal dans la construction de l\u2019Europe, en permettant l\u2019expression &#8230; <a title=\"Mettre en place une UEVP\" class=\"read-more\" href=\"https:\/\/ave-europe.org\/?page_id=933\" aria-label=\"More on Mettre UEVP\">Read more<\/a><\/p>\n","protected":false},"author":1,"featured_media":0,"parent":0,"menu_order":0,"comment_status":"closed","ping_status":"closed","template":"","meta":{"_generate-full-width-content":"","footnotes":""},"class_list":["post-933","page","type-page","status-publish"],"_links":{"self":[{"href":"https:\/\/ave-europe.org\/index.php?rest_route=\/wp\/v2\/pages\/933","targetHints":{"allow":["GET"]}}],"collection":[{"href":"https:\/\/ave-europe.org\/index.php?rest_route=\/wp\/v2\/pages"}],"about":[{"href":"https:\/\/ave-europe.org\/index.php?rest_route=\/wp\/v2\/types\/page"}],"author":[{"embeddable":true,"href":"https:\/\/ave-europe.org\/index.php?rest_route=\/wp\/v2\/users\/1"}],"replies":[{"embeddable":true,"href":"https:\/\/ave-europe.org\/index.php?rest_route=%2Fwp%2Fv2%2Fcomments&post=933"}],"version-history":[{"count":2,"href":"https:\/\/ave-europe.org\/index.php?rest_route=\/wp\/v2\/pages\/933\/revisions"}],"predecessor-version":[{"id":998,"href":"https:\/\/ave-europe.org\/index.php?rest_route=\/wp\/v2\/pages\/933\/revisions\/998"}],"wp:attachment":[{"href":"https:\/\/ave-europe.org\/index.php?rest_route=%2Fwp%2Fv2%2Fmedia&parent=933"}],"curies":[{"name":"wp","href":"https:\/\/api.w.org\/{rel}","templated":true}]}}

<h2 class="wp-block-heading">A QUI S’ADRESSE L’UEVP ?</h2>



<p>THE PROJECT not only targets INGOs and their volunteers, but also all citizens, y compris ceux des nouveaux pays entrant de l’Est, en particulier les adolescents et tous les mouvement associatifs n’ayant pas encore forcément conscience de leur rôle principal dans la construction de l’Europe, en permettant l’expression de leurs opinions, ainsi que de leurs propositions et apportant les réponses aux questions que leur pose l’identité européenne.</p>



<p></p>



<h2 class="wp-block-heading">LES ÉTAPES POUR CONSTRUIRE UNE UEVP</h2>



<h2 class="gb-headline gb-headline-4f6b2c4d gb-headline-text">1.</h2>



<p>Jusqu’alors l’action volontaire en Europe était traitée en interne dans les associations ou Fédèrations mais n’était pas un sujet d’ordre public. L’AVE en s’appuyant sur l’exemple des fondateurs de l’International Association for Volunteer Effort aux USA, a été pionnier en ce domaine en Europe. C’est ainsi qu’en 1979 la Communauté Européenne d’alors, lui a demandé de participer à l’organisation d’une première réunion à Bruxelles sur le Volontariat.</p>



<p>La création de l’UEV en 1991 était une suite logique pour l’AVE car elle pouvait permettre d’assurer un bon niveau d’information , de formation et de réflexion aux volontaires , et de par le travail fourni donner aux décideurs politiques un message fiable sur le rôle du volontariat dans la société.</p>



<h2 class="gb-headline gb-headline-6ee0dabe gb-headline-text">2.</h2>



<p>Les résultats des travaux de faisabilité de ce « groupe-test » du premier temps, permettront d’affiner les conditions d’existence officielle de l’Université Européenne Permanente du Volontariat. Cette deuxième phase appellera le démarchage et la réunion d’un nombre suffisant de partenaires pour la formulation des conditions de réussite de la mise en place de cette Université.</p>



<p>Le nombre d’adhérents et de participants futurs au fonctionnement permanent de cette Université, n’étant quant à lui plus limité par d’autres frais, que ceux des déplacements et de résidence, solely responsible (les autres participants restant à distance dans leur propres Nations, étant cependant interactifs avec l’université sans mur, par l’utilisation de systèmes images vidéo par Internet – Web – TV – Vidéo-Conférences, permettant ainsi de toucher à très faible coût, thousands of partners). Ce qui tout en limitant très fortement les frais de l’opération, permettra d’augmenter considérablement le nombre de volontaires participants et « d’intégrer » ainsi le plus possible de pays du Conseil de l’Europe…</p>



<h2 class="gb-headline gb-headline-3ecc859f gb-headline-text">3.</h2>



<p>Enfin dans un troisième temps : l’effet « boule de neige » de l’information diffusée dans chaque pays par les partenaires : « volontaires et animateurs associatifs », à l’aide de ce système vidéo, aura un effet multiplicateur de première importance, because not limiting (~ 30 à 50 000 personnes/an au minimum pourraient ainsi participer à l’UEV). Le Budget nécessaire, indiqué plus avant recouvre les diverses étapes décrites ci-dessus, y compris pour l’essai de pérennisation de l’UEV permanente.</p>

<p>A QUI S’ADRESSE L’UEVP ? THE PROJECT not only targets INGOs and their volunteers, but also all citizens, y compris ceux des nouveaux pays entrant de l’Est, en particulier les adolescents et tous les mouvement associatifs n’ayant pas encore forcément conscience de leur rôle principal dans la construction de l’Europe, en permettant l’expression &#8230; <a title="Mettre en place une UEVP" class="read-more" href="https://ave-europe.org/?page_id=933" aria-label="More on Mettre UEVP">Read more</a></p>
